{"id":93,"date":"2025-10-05T07:11:34","date_gmt":"2025-10-05T07:11:34","guid":{"rendered":"https:\/\/dr-sabine-volland.de\/praxis\/?post_type=product&#038;p=93"},"modified":"2025-10-05T07:20:12","modified_gmt":"2025-10-05T07:20:12","slug":"libidion","status":"publish","type":"product","link":"https:\/\/dr-sabine-volland.de\/praxis\/product\/libidion\/","title":{"rendered":"Libidion"},"content":{"rendered":"\r\n<h2 class=\"wp-block-heading\"><strong>Libidion Bewertungen<\/strong><\/h2>\r\n<p><img loading=\"lazy\" decoding=\"async\" class=\"alignnone size-medium wp-image-94 aligncenter\" src=\"https:\/\/dr-sabine-volland.de\/praxis\/wp-content\/uploads\/2025\/10\/Libidion-Bewertungen-300x294.jpg\" alt=\"Libidion Bewertungen\" width=\"300\" height=\"294\" srcset=\"https:\/\/dr-sabine-volland.de\/praxis\/wp-content\/uploads\/2025\/10\/Libidion-Bewertungen-300x294.jpg 300w, https:\/\/dr-sabine-volland.de\/praxis\/wp-content\/uploads\/2025\/10\/Libidion-Bewertungen.jpg 322w\" sizes=\"auto, (max-width: 300px) 100vw, 300px\" \/><\/p>\r\n\r\n<p data-start=\"4939\" data-end=\"5252\">Mit dem Alltag kommt oft Stress, M\u00fcdigkeit und ein R\u00fcckgang der Lebensfreude. <strong data-start=\"5017\" data-end=\"5029\">Libidion<\/strong> setzt genau hier an. Die Kapseln wurden speziell f\u00fcr M\u00e4nner entwickelt, um Energie, Ausdauer und Wohlbefinden zu f\u00f6rdern. Ihre nat\u00fcrliche Rezeptur hilft, das innere Gleichgewicht zu st\u00e4rken \u2013 ohne Chemikalien oder Hormone.<\/p>\r\n<h2 class=\"wp-block-heading\"><strong>Libidion Vorteile<\/strong><\/h2>\r\n<ul data-start=\"5305\" data-end=\"5659\">\r\n<li data-start=\"5305\" data-end=\"5371\">\r\n<p data-start=\"5307\" data-end=\"5371\">Hilft M\u00e4nnern, Energie und Wohlbefinden nat\u00fcrlich zu steigern.<\/p>\r\n<\/li>\r\n<li data-start=\"5372\" data-end=\"5422\">\r\n<p data-start=\"5374\" data-end=\"5422\">Mit <strong data-start=\"5378\" data-end=\"5419\">Maca, Ginseng, Zink, Vitamin B6 &amp; B12<\/strong>.<\/p>\r\n<\/li>\r\n<li data-start=\"5423\" data-end=\"5473\">\r\n<p data-start=\"5425\" data-end=\"5473\">Unterst\u00fctzt Stressabbau und geistige Leistung.<\/p>\r\n<\/li>\r\n<li data-start=\"5474\" data-end=\"5519\">\r\n<p data-start=\"5476\" data-end=\"5519\">Praktisch durch einfache Kapsel-Einnahme.<\/p>\r\n<\/li>\r\n<li data-start=\"5520\" data-end=\"5575\">\r\n<p data-start=\"5522\" data-end=\"5575\">Hergestellt in Deutschland nach h\u00f6chsten Standards.<\/p>\r\n<\/li>\r\n<li data-start=\"5576\" data-end=\"5621\">\r\n<p data-start=\"5578\" data-end=\"5621\">Erste Ergebnisse oft nach wenigen Wochen.<\/p>\r\n<\/li>\r\n<li data-start=\"5622\" data-end=\"5659\">\r\n<p data-start=\"5624\" data-end=\"5659\">Preis: <strong data-start=\"5631\" data-end=\"5656\">49,90 \u20ac statt 69,90 \u20ac<\/strong>.<\/p>\r\n<ul>\r\n<li><a href=\"https:\/\/dr-sabine-volland.de\/praxis\/go\/Libidion\"><strong>\ud83d\udc49 RABATTE &#8211; 75 % + kostenloser Versand f\u00fcr Libidion\u2013 Begrenzte Zeit \u2013 JETZT KAUFEN! \ud83d\udc48<\/strong><\/a><\/li>\r\n<\/ul>\r\n<\/li>\r\n<\/ul>\r\n\r\n<h2 class=\"wp-block-heading\"><strong>Was ist Libidion?<\/strong><\/h2>\r\n<p data-start=\"7890\" data-end=\"8406\">Das nat\u00fcrliche Nahrungserg\u00e4nzungsmittel <strong data-start=\"7930\" data-end=\"7942\">Libidion<\/strong> wurde entwickelt, um Energie, Stoffwechsel und Konzentration zu unterst\u00fctzen. Es enth\u00e4lt eine Kombination aus Vitaminen, Mineralstoffen und pflanzlichen Wirkstoffen, die gemeinsam wirken, um K\u00f6rper und Geist zu st\u00e4rken. Besonders im stressigen Alltag kann Libidion helfen, M\u00fcdigkeit zu bek\u00e4mpfen und das Wohlbefinden zu f\u00f6rdern. Die Kapseln sind einfach einzunehmen und passen in jede Routine. Anwender sch\u00e4tzen die hohe Qualit\u00e4t und Reinheit der Inhaltsstoffe.<\/p>\r\n<h2 class=\"wp-block-heading\"><strong>Wie wirken Libidion?<\/strong><\/h2>\r\n<p data-start=\"6133\" data-end=\"6493\"><strong data-start=\"6133\" data-end=\"6145\">Libidion<\/strong> nutzt eine ausgewogene Kombination aus nat\u00fcrlichen Wirkstoffen, um K\u00f6rper und Geist zu st\u00e4rken. <strong data-start=\"6242\" data-end=\"6255\">L-Arginin<\/strong> f\u00f6rdert die Blutzirkulation, <strong data-start=\"6285\" data-end=\"6296\">Ginseng<\/strong> erh\u00f6ht die Energie und Konzentration, und <strong data-start=\"6339\" data-end=\"6347\">Maca<\/strong> unterst\u00fctzt die hormonelle Balance. Gemeinsam tragen sie dazu bei, M\u00fcdigkeit zu verringern, Stress zu reduzieren und die Vitalit\u00e4t zu steigern.<\/p>\r\n<ul>\r\n<li><a href=\"https:\/\/dr-sabine-volland.de\/praxis\/go\/Libidion\"><strong>\ud83d\udc49 RABATTE &#8211; 75 % + kostenloser Versand f\u00fcr Libidion\u2013 Begrenzte Zeit \u2013 JETZT KAUFEN! \ud83d\udc48<\/strong><\/a><\/li>\r\n<\/ul>\r\n<p data-start=\"6133\" data-end=\"6493\"><\/p>\r\n<h2 class=\"wp-block-heading\"><strong>Libidion<\/strong> <strong>Inhaltsstoffe<\/strong><\/h2>\r\n<p data-start=\"6855\" data-end=\"7271\"><strong data-start=\"6855\" data-end=\"6867\">Libidion<\/strong> enth\u00e4lt eine nat\u00fcrliche Mischung aus wirksamen Inhaltsstoffen, die Energie, Ausdauer und Wohlbefinden f\u00f6rdern.<br data-start=\"6978\" data-end=\"6981\" \/><strong data-start=\"6981\" data-end=\"6990\">Maca:<\/strong> Unterst\u00fctzt hormonelles Gleichgewicht und k\u00f6rperliche Leistungsf\u00e4higkeit.<br data-start=\"7064\" data-end=\"7067\" \/><strong data-start=\"7067\" data-end=\"7079\">Ginseng:<\/strong> Verbessert Durchblutung und Konzentration.<br data-start=\"7122\" data-end=\"7125\" \/><strong data-start=\"7125\" data-end=\"7139\">L-Arginin:<\/strong> Erh\u00f6ht die Sauerstoffversorgung und Energie.<br data-start=\"7184\" data-end=\"7187\" \/>Durch ihre Zusammenarbeit sorgen diese Stoffe f\u00fcr mehr Vitalit\u00e4t und Lebensfreude.<\/p>\r\n<h2 class=\"wp-block-heading\"><strong>Libidion Anwendung und Dosierung<\/strong><\/h2>\r\n<p data-start=\"6855\" data-end=\"7271\"><\/p>\r\n<p data-start=\"7155\" data-end=\"7629\">Die Anwendung von <strong data-start=\"7173\" data-end=\"7185\">Libidion<\/strong> ist leicht verst\u00e4ndlich und bequem. T\u00e4glich zwei Kapseln mit viel Wasser einnehmen, am besten morgens oder vor einer Mahlzeit. Eine dauerhafte Einnahme \u00fcber mehrere Wochen bringt die besten Resultate. Das Produkt ist f\u00fcr M\u00e4nner und Frauen gleicherma\u00dfen geeignet. Als nat\u00fcrliches Pr\u00e4parat entfaltet es seine Wirkung schrittweise. Die Tagesdosis sollte nicht \u00fcberschritten werden, und bei gesundheitlichen Fragen wird ein Arztbesuch empfohlen.<\/p>\r\n<ul>\r\n<li><a href=\"https:\/\/dr-sabine-volland.de\/praxis\/go\/Libidion\"><strong>\ud83d\udc49 RABATTE &#8211; 75 % + kostenloser Versand f\u00fcr Libidion\u2013 Begrenzte Zeit \u2013 JETZT KAUFEN! \ud83d\udc48<\/strong><\/a><\/li>\r\n<\/ul>\r\n<p data-start=\"7155\" data-end=\"7629\"><\/p>\r\n<h2 class=\"wp-block-heading\"><strong>Libidion M\u00f6gliche Nebenwirkungen und Vorsichtsma\u00dfnahmen<\/strong><\/h2>\r\n<p data-start=\"7155\" data-end=\"7629\"><\/p>\r\n<p data-start=\"8223\" data-end=\"8729\">Die meisten Menschen vertragen <strong data-start=\"8254\" data-end=\"8266\">Libidion<\/strong> gut, dennoch k\u00f6nnen in seltenen F\u00e4llen leichte Nebenwirkungen auftreten. Dazu z\u00e4hlen Magenprobleme, Kopfschmerzen oder Nervosit\u00e4t. Wichtig ist, die empfohlene Dosierung nicht zu \u00fcberschreiten, um unerw\u00fcnschte Reaktionen zu vermeiden. Besonders empfindliche Personen oder Menschen mit Vorerkrankungen wie Bluthochdruck oder Herzkrankheiten sollten vor der Einnahme \u00e4rztlichen Rat einholen. F\u00fcr Schwangere, Stillende und Jugendliche ist Libidion nicht empfohlen.<\/p>\r\n<h2 class=\"wp-block-heading\"><strong>Libidion Erfahrungen<\/strong><\/h2>\r\n<p data-start=\"8223\" data-end=\"8729\"><\/p>\r\n<p data-start=\"6711\" data-end=\"7188\"><strong data-start=\"6711\" data-end=\"6723\">Libidion<\/strong> \u00fcberzeugt mit vielen positiven Erfahrungsberichten. M\u00e4nner unterschiedlicher Altersgruppen berichten \u00fcber gesteigerte Energie, bessere Konzentration und ein ausgeglicheneres Lebensgef\u00fchl. Auch die Libido wird oft positiv erw\u00e4hnt. Besonders gesch\u00e4tzt werden die nat\u00fcrlichen Inhaltsstoffe, die gute Vertr\u00e4glichkeit und die einfache Einnahme. Einige Anwender nutzen Libidion \u00fcber Wochen hinweg, andere langfristig zur Erhaltung ihrer Energie und Leistungsf\u00e4higkeit.<\/p>\r\n<ul>\r\n<li><a href=\"https:\/\/dr-sabine-volland.de\/praxis\/go\/Libidion\"><strong>\ud83d\udc49 RABATTE &#8211; 75 % + kostenloser Versand f\u00fcr Libidion\u2013 Begrenzte Zeit \u2013 JETZT KAUFEN! \ud83d\udc48<\/strong><\/a><\/li>\r\n<\/ul>\r\n<p data-start=\"6711\" data-end=\"7188\"><\/p>\r\n<h2 class=\"wp-block-heading\"><strong>Libidion online kaufen \u2013 Lieferung nach Deutschland, \u00d6sterreich, Schweiz &amp; Belgien<\/strong><\/h2>\r\n<p data-start=\"6711\" data-end=\"7188\"><\/p>\r\n<p data-start=\"3184\" data-end=\"3435\"><strong data-start=\"3184\" data-end=\"3196\">Libidion<\/strong> ist nicht im Handel erh\u00e4ltlich, sondern ausschlie\u00dflich \u00fcber unsere <strong data-start=\"3264\" data-end=\"3282\">B\u00e4ren-Apotheke<\/strong> bestellbar. Als offizieller Vertriebspartner sorgen wir f\u00fcr eine schnelle Lieferung nach <strong data-start=\"3372\" data-end=\"3387\">Deutschland<\/strong>, <strong data-start=\"3389\" data-end=\"3403\">\u00d6sterreich<\/strong>, <strong data-start=\"3405\" data-end=\"3416\">Schweiz<\/strong> und <strong data-start=\"3421\" data-end=\"3432\">Belgien<\/strong>.<\/p>\r\n<ul>\r\n<li><a href=\"https:\/\/dr-sabine-volland.de\/praxis\/go\/Libidion\"><strong>\ud83d\udc49 RABATTE &#8211; 75 % + kostenloser Versand f\u00fcr Libidion\u2013 Begrenzte Zeit \u2013 JETZT KAUFEN! \ud83d\udc48<\/strong><\/a><\/li>\r\n<\/ul>\r\n<p data-start=\"3184\" data-end=\"3435\"><\/p>\r\n<h2 class=\"wp-block-heading\"><strong>Libidion Bewertungen<\/strong>: <strong>Fazit<\/strong><\/h2>\r\n<p data-start=\"3184\" data-end=\"3435\"><\/p>\r\n<p data-start=\"7426\" data-end=\"7912\"><strong data-start=\"7426\" data-end=\"7438\">Libidion<\/strong> bietet eine nat\u00fcrliche Unterst\u00fctzung f\u00fcr Menschen, die ihre Energie und ihr Wohlbefinden verbessern m\u00f6chten. Mit Wirkstoffen wie <strong data-start=\"7568\" data-end=\"7576\">Maca<\/strong>, <strong data-start=\"7578\" data-end=\"7589\">Ginseng<\/strong> und <strong data-start=\"7594\" data-end=\"7607\">L-Arginin<\/strong> st\u00e4rkt es Vitalit\u00e4t und Durchblutung. Die Wirkung entwickelt sich langsam, aber stetig bei regelm\u00e4\u00dfiger Einnahme. Anwender sch\u00e4tzen die gute Vertr\u00e4glichkeit, die nat\u00fcrliche Zusammensetzung und den fairen Preis. Libidion ist ideal f\u00fcr alle, die ihre Lebensqualit\u00e4t auf nat\u00fcrliche Weise steigern m\u00f6chten.<\/p>\r\n<ul>\r\n<li><a href=\"https:\/\/dr-sabine-volland.de\/praxis\/go\/Libidion\"><strong>\ud83d\udc49 RABATTE &#8211; 75 % + kostenloser Versand f\u00fcr Libidion\u2013 Begrenzte Zeit \u2013 JETZT KAUFEN! \ud83d\udc48<\/strong><\/a><\/li>\r\n<\/ul>\r\n<p data-start=\"7426\" data-end=\"7912\"><\/p>\r\n<h2 class=\"wp-block-heading\"><strong>Libidion Bewertungen: H\u00e4ufig gestellte fragen<\/strong><\/h2>\r\n<p data-start=\"7426\" data-end=\"7912\"><\/p>\r\n<p data-start=\"7602\" data-end=\"7739\"><strong data-start=\"7602\" data-end=\"7636\">F\u00fcr wen ist Libidion geeignet?<\/strong><br data-start=\"7636\" data-end=\"7639\" \/>Libidion ist ideal f\u00fcr M\u00e4nner und Frauen, die mehr Energie, Konzentration und Lebensfreude suchen.<\/p>\r\n<p data-start=\"7741\" data-end=\"7837\"><strong data-start=\"7741\" data-end=\"7775\">Wie wird Libidion eingenommen?<\/strong><br data-start=\"7775\" data-end=\"7778\" \/>Zwei Kapseln t\u00e4glich mit viel Wasser \u2013 am besten morgens.<\/p>\r\n<p data-start=\"7839\" data-end=\"7963\"><strong data-start=\"7839\" data-end=\"7870\">Was sind die Inhaltsstoffe?<\/strong><br data-start=\"7870\" data-end=\"7873\" \/>Maca, Ginseng und L-Arginin \u2013 sie unterst\u00fctzen Energie, Durchblutung und Hormonhaushalt.<\/p>\r\n<p data-start=\"7965\" data-end=\"8032\"><strong data-start=\"7965\" data-end=\"7984\">Nebenwirkungen:<\/strong><br data-start=\"7984\" data-end=\"7987\" \/>Selten Magenbeschwerden oder Kopfschmerzen.<\/p>\r\n<p data-start=\"8034\" data-end=\"8108\"><strong data-start=\"8034\" data-end=\"8065\">Wann tritt die Wirkung ein?<\/strong><br data-start=\"8065\" data-end=\"8068\" \/>Nach 2\u20133 Wochen konsequenter Einnahme.<\/p>\r\n<p data-start=\"8110\" data-end=\"8188\"><strong data-start=\"8110\" data-end=\"8123\">Vorteile:<\/strong><br data-start=\"8123\" data-end=\"8126\" \/>Nat\u00fcrliche Formel, gute Vertr\u00e4glichkeit, kein Chemieeinsatz.<\/p>\r\n<p data-start=\"8190\" data-end=\"8246\"><strong data-start=\"8190\" data-end=\"8204\">Wo kaufen?<\/strong><br data-start=\"8204\" data-end=\"8207\" \/>Nur \u00fcber den offiziellen Online-Shop.<\/p>\r\n<p data-start=\"8248\" data-end=\"8294\"><strong data-start=\"8248\" data-end=\"8265\">Aufbewahrung:<\/strong><br data-start=\"8265\" data-end=\"8268\" \/>K\u00fchl und trocken lagern.<\/p>\r\n<ul>\r\n<li><a href=\"https:\/\/dr-sabine-volland.de\/praxis\/go\/Libidion\"><strong>\ud83d\udc49 RABATTE &#8211; 75 % + kostenloser Versand f\u00fcr Libidion\u2013 Begrenzte Zeit \u2013 JETZT KAUFEN! \ud83d\udc48<\/strong><\/a><\/li>\r\n<\/ul>\r\n<p data-start=\"6133\" data-end=\"6493\"><\/p>\r\n<p data-start=\"7890\" data-end=\"8406\"><\/p>\r\n\r\n<p data-start=\"4939\" data-end=\"5252\"><\/p>","protected":false},"excerpt":{"rendered":"<p>Libidion Bewertungen Mit dem Alltag kommt oft Stress, M\u00fcdigkeit und ein R\u00fcckgang der Lebensfreude. Libidion setzt genau hier an. Die Kapseln wurden speziell f\u00fcr M\u00e4nner entwickelt, um Energie, Ausdauer und Wohlbefinden zu f\u00f6rdern. Ihre nat\u00fcrliche Rezeptur hilft, das innere Gleichgewicht zu st\u00e4rken \u2013 ohne Chemikalien oder Hormone.<\/p>\n","protected":false},"featured_media":94,"comment_status":"open","ping_status":"closed","template":"","meta":[],"product_brand":[],"product_cat":[16],"product_tag":[],"class_list":{"0":"post-93","1":"product","2":"type-product","3":"status-publish","4":"has-post-thumbnail","6":"product_cat-gewichtsverlust","8":"first","9":"instock","10":"sale","11":"shipping-taxable","12":"product-type-external"},"_links":{"self":[{"href":"https:\/\/dr-sabine-volland.de\/praxis\/wp-json\/wp\/v2\/product\/93","targetHints":{"allow":["GET"]}}],"collection":[{"href":"https:\/\/dr-sabine-volland.de\/praxis\/wp-json\/wp\/v2\/product"}],"about":[{"href":"https:\/\/dr-sabine-volland.de\/praxis\/wp-json\/wp\/v2\/types\/product"}],"replies":[{"embeddable":true,"href":"https:\/\/dr-sabine-volland.de\/praxis\/wp-json\/wp\/v2\/comments?post=93"}],"wp:featuredmedia":[{"embeddable":true,"href":"https:\/\/dr-sabine-volland.de\/praxis\/wp-json\/wp\/v2\/media\/94"}],"wp:attachment":[{"href":"https:\/\/dr-sabine-volland.de\/praxis\/wp-json\/wp\/v2\/media?parent=93"}],"wp:term":[{"taxonomy":"product_brand","embeddable":true,"href":"https:\/\/dr-sabine-volland.de\/praxis\/wp-json\/wp\/v2\/product_brand?post=93"},{"taxonomy":"product_cat","embeddable":true,"href":"https:\/\/dr-sabine-volland.de\/praxis\/wp-json\/wp\/v2\/product_cat?post=93"},{"taxonomy":"product_tag","embeddable":true,"href":"https:\/\/dr-sabine-volland.de\/praxis\/wp-json\/wp\/v2\/product_tag?post=93"}],"curies":[{"name":"wp","href":"https:\/\/api.w.org\/{rel}","templated":true}]}}