{"id":131,"date":"2026-01-20T06:03:45","date_gmt":"2026-01-20T06:03:45","guid":{"rendered":"https:\/\/dr-sabine-volland.de\/praxis\/?post_type=product&#038;p=131"},"modified":"2026-01-20T06:43:07","modified_gmt":"2026-01-20T06:43:07","slug":"figoxal","status":"publish","type":"product","link":"https:\/\/dr-sabine-volland.de\/praxis\/product\/figoxal\/","title":{"rendered":"Figoxal"},"content":{"rendered":"<h2 data-start=\"343\" data-end=\"366\"><strong>Figoxal Erfahrungen<\/strong><\/h2>\n<p data-start=\"4154\" data-end=\"4336\">Figoxal Kapseln wurden entwickelt, um beim Abnehmen zu helfen. Sie bestehen aus nat\u00fcrlichen Inhaltsstoffen. Diese k\u00f6nnen den Stoffwechsel f\u00f6rdern und das S\u00e4ttigungsgef\u00fchl verbessern.<\/p>\n<p data-start=\"4338\" data-end=\"4491\">Das Produkt richtet sich an Menschen, die ihr Gewicht langsam und nat\u00fcrlich reduzieren m\u00f6chten. Figoxal ersetzt keine Di\u00e4t, kann diese aber unterst\u00fctzen.<\/p>\n<p data-start=\"4338\" data-end=\"4491\"><a href=\"https:\/\/dr-sabine-volland.de\/praxis\/go\/Figoxal\"><em><strong>\ud83d\udc49 RABATTE &#8211; 75 % + kostenloser Versand f\u00fcr\u00a0Figoxal \u2013 Begrenzte Zeit \u2013 JETZT KAUFEN! \ud83d\udc48<\/strong><\/em><\/a><\/p>\n<h3 data-start=\"4493\" data-end=\"4504\">Wirkung<\/h3>\n<p data-start=\"4505\" data-end=\"4714\">Figoxal wirkt durch eine Mischung aus pflanzlichen Extrakten und Vitaminen. Diese helfen dem K\u00f6rper, Fett besser zu nutzen und den Appetit zu kontrollieren. So wird weniger gegessen und mehr Energie verbrannt.<\/p>\n<p data-start=\"4716\" data-end=\"4811\">Zus\u00e4tzlich helfen die Inhaltsstoffe, den K\u00f6rper w\u00e4hrend einer Di\u00e4t zu st\u00e4rken und zu versorgen.<\/p>\n<h3 data-start=\"4813\" data-end=\"4843\">Inhaltsstoffe im \u00dcberblick<\/h3>\n<ul data-start=\"4844\" data-end=\"5155\">\n<li data-start=\"4844\" data-end=\"4899\">\n<p data-start=\"4846\" data-end=\"4899\">Gr\u00fcntee-Extrakt zur Aktivierung der Fettverbrennung<\/p>\n<\/li>\n<li data-start=\"4900\" data-end=\"4937\">\n<p data-start=\"4902\" data-end=\"4937\">Vitamin C gegen oxidativen Stress<\/p>\n<\/li>\n<li data-start=\"4938\" data-end=\"4984\">\n<p data-start=\"4940\" data-end=\"4984\">Forskolin zur Unterst\u00fctzung des Fettabbaus<\/p>\n<\/li>\n<li data-start=\"4985\" data-end=\"5027\">\n<p data-start=\"4987\" data-end=\"5027\">L-Arginin f\u00fcr Durchblutung und Muskeln<\/p>\n<\/li>\n<li data-start=\"5028\" data-end=\"5066\">\n<p data-start=\"5030\" data-end=\"5066\">Garcinia Cambogia gegen Hei\u00dfhunger<\/p>\n<\/li>\n<li data-start=\"5067\" data-end=\"5102\">\n<p data-start=\"5069\" data-end=\"5102\">Bittermelone f\u00fcr den Blutzucker<\/p>\n<\/li>\n<li data-start=\"5103\" data-end=\"5155\">\n<p data-start=\"5105\" data-end=\"5155\">Zink und Vitamin B6 f\u00fcr Stoffwechsel und Energie<\/p>\n<\/li>\n<\/ul>\n<h3 data-start=\"5082\" data-end=\"5117\">Figoxal \u2013 Vorteile im \u00dcberblick<\/h3>\n<p data-start=\"5118\" data-end=\"5292\">Figoxal Kapseln helfen dabei, den Abnehmprozess zu unterst\u00fctzen. Sie regen den Stoffwechsel an und k\u00f6nnen das Hungergef\u00fchl verringern. So f\u00e4llt es leichter, weniger zu essen.<\/p>\n<p data-start=\"5294\" data-end=\"5389\">Zus\u00e4tzlich liefern die Inhaltsstoffe wichtige N\u00e4hrstoffe. Das kann das Wohlbefinden verbessern.<\/p>\n<p data-start=\"5391\" data-end=\"5404\"><strong data-start=\"5391\" data-end=\"5404\">Vorteile:<\/strong><\/p>\n<ul data-start=\"5405\" data-end=\"5564\">\n<li data-start=\"5405\" data-end=\"5437\">\n<p data-start=\"5407\" data-end=\"5437\">Unterst\u00fctzung des Fettabbaus<\/p>\n<\/li>\n<li data-start=\"5438\" data-end=\"5457\">\n<p data-start=\"5440\" data-end=\"5457\">Weniger Appetit<\/p>\n<\/li>\n<li data-start=\"5458\" data-end=\"5479\">\n<p data-start=\"5460\" data-end=\"5479\">Mehr Tagesenergie<\/p>\n<\/li>\n<li data-start=\"5480\" data-end=\"5513\">\n<p data-start=\"5482\" data-end=\"5513\">Unterst\u00fctzung des Blutzuckers<\/p>\n<\/li>\n<li data-start=\"5514\" data-end=\"5539\">\n<p data-start=\"5516\" data-end=\"5539\">Antioxidative Wirkung<\/p>\n<\/li>\n<li data-start=\"5540\" data-end=\"5564\">\n<p data-start=\"5542\" data-end=\"5564\">Gute Vertr\u00e4glichkeit<\/p>\n<\/li>\n<\/ul>\n<p><a href=\"https:\/\/dr-sabine-volland.de\/praxis\/go\/Figoxal\"><em><strong>\ud83d\udc49 RABATTE &#8211; 75 % + kostenloser Versand f\u00fcr\u00a0Figoxal \u2013 Begrenzte Zeit \u2013 JETZT KAUFEN! \ud83d\udc48<\/strong><\/em><\/a><\/p>\n<hr data-start=\"5566\" data-end=\"5569\" \/>\n<h3 data-start=\"5571\" data-end=\"5595\">Gebrauchsinformation<\/h3>\n<p data-start=\"5596\" data-end=\"5633\">Bitte genau nach Anleitung einnehmen.<\/p>\n<p data-start=\"5635\" data-end=\"5652\"><strong data-start=\"5635\" data-end=\"5652\">Produktdaten:<\/strong><\/p>\n<ul data-start=\"5653\" data-end=\"5729\">\n<li data-start=\"5653\" data-end=\"5667\">\n<p data-start=\"5655\" data-end=\"5667\">60 Kapseln<\/p>\n<\/li>\n<li data-start=\"5668\" data-end=\"5693\">\n<p data-start=\"5670\" data-end=\"5693\">Nat\u00fcrliche Wirkstoffe<\/p>\n<\/li>\n<li data-start=\"5694\" data-end=\"5708\">\n<p data-start=\"5696\" data-end=\"5708\">Rezeptfrei<\/p>\n<\/li>\n<li data-start=\"5709\" data-end=\"5729\">\n<p data-start=\"5711\" data-end=\"5729\">Preis: 29,99 EUR<\/p>\n<\/li>\n<\/ul>\n<hr data-start=\"5731\" data-end=\"5734\" \/>\n<h3 data-start=\"5736\" data-end=\"5761\">Sicherheit &amp; Hinweise<\/h3>\n<p data-start=\"5762\" data-end=\"5892\">Nicht f\u00fcr Kinder geeignet. Bei Krankheit oder Medikamenteneinnahme Arzt fragen. Nicht in Schwangerschaft oder Stillzeit verwenden.<\/p>\n<h3 data-start=\"5894\" data-end=\"5907\">Dosierung<\/h3>\n<p data-start=\"5908\" data-end=\"5960\">Eine Kapsel vor den Mahlzeiten mit Wasser einnehmen.<\/p>\n<h3 data-start=\"5962\" data-end=\"5974\">Lagerung<\/h3>\n<p data-start=\"5975\" data-end=\"6009\">Trocken und lichtgesch\u00fctzt lagern.<\/p>\n<p data-start=\"5975\" data-end=\"6009\"><a href=\"https:\/\/dr-sabine-volland.de\/praxis\/go\/Figoxal\"><em><strong>\ud83d\udc49 RABATTE &#8211; 75 % + kostenloser Versand f\u00fcr\u00a0Figoxal \u2013 Begrenzte Zeit \u2013 JETZT KAUFEN! \ud83d\udc48<\/strong><\/em><\/a><\/p>\n<h3 data-start=\"4477\" data-end=\"4499\">Wo Figoxal kaufen?<\/h3>\n<p data-start=\"4500\" data-end=\"4623\">Figoxal ist direkt \u00fcber unsere Online-Apotheke erh\u00e4ltlich. Eine Bestellung im station\u00e4ren Handel ist derzeit nicht m\u00f6glich.<\/p>\n<h3 data-start=\"4625\" data-end=\"4644\">Preis &amp; Angebot<\/h3>\n<p data-start=\"4645\" data-end=\"4743\">Der Preis liegt bei <strong data-start=\"4665\" data-end=\"4678\">29,99 EUR<\/strong>. Es gibt regelm\u00e4\u00dfig Rabattaktionen mit begrenzter Verf\u00fcgbarkeit.<\/p>\n<h3 data-start=\"4745\" data-end=\"4756\">Versand<\/h3>\n<p data-start=\"4757\" data-end=\"4779\">Schneller Versand mit:<\/p>\n<ul data-start=\"4780\" data-end=\"4824\">\n<li data-start=\"4780\" data-end=\"4787\">\n<p data-start=\"4782\" data-end=\"4787\">DHL<\/p>\n<\/li>\n<li data-start=\"4788\" data-end=\"4798\">\n<p data-start=\"4790\" data-end=\"4798\">Hermes<\/p>\n<\/li>\n<li data-start=\"4799\" data-end=\"4816\">\n<p data-start=\"4801\" data-end=\"4816\">Deutsche Post<\/p>\n<\/li>\n<li data-start=\"4817\" data-end=\"4824\">\n<p data-start=\"4819\" data-end=\"4824\">UPS<\/p>\n<\/li>\n<\/ul>\n<h3 data-start=\"4826\" data-end=\"4843\">Zahlungsarten<\/h3>\n<p data-start=\"4844\" data-end=\"4924\">Alle g\u00e4ngigen Zahlungsarten werden akzeptiert, inklusive PayPal und Kreditkarte.<\/p>\n<h3 data-start=\"4926\" data-end=\"4946\">Andere Anbieter?<\/h3>\n<p data-start=\"4947\" data-end=\"5066\">Figoxal wird aktuell <strong data-start=\"4968\" data-end=\"5002\">nur \u00fcber ausgew\u00e4hlte Apotheken<\/strong> verkauft und ist nicht bei bekannten Online-Apotheken gelistet.<\/p>\n<p data-start=\"4947\" data-end=\"5066\"><a href=\"https:\/\/dr-sabine-volland.de\/praxis\/go\/Figoxal\"><em><strong>\ud83d\udc49 RABATTE &#8211; 75 % + kostenloser Versand f\u00fcr\u00a0Figoxal \u2013 Begrenzte Zeit \u2013 JETZT KAUFEN! \ud83d\udc48<\/strong><\/em><\/a><\/p>\n<h3 data-start=\"5068\" data-end=\"5087\">Nutzermeinungen<\/h3>\n<p data-start=\"5088\" data-end=\"5160\">Viele Kunden berichten \u00fcber gute Vertr\u00e4glichkeit und einfache Anwendung.<\/p>\n<h2 data-start=\"3821\" data-end=\"3859\"><strong data-start=\"3824\" data-end=\"3859\">Figoxal<\/strong>\u00a0<strong data-start=\"3824\" data-end=\"3859\">Bewertungen <\/strong>FAQ<\/h2>\n<ul data-start=\"5170\" data-end=\"5348\">\n<li data-start=\"5170\" data-end=\"5193\">\n<p data-start=\"5172\" data-end=\"5193\"><strong data-start=\"5172\" data-end=\"5188\">Vegetarisch:<\/strong> Ja<\/p>\n<\/li>\n<li data-start=\"5194\" data-end=\"5228\">\n<p data-start=\"5196\" data-end=\"5228\"><strong data-start=\"5196\" data-end=\"5210\">Allergene:<\/strong> Keine bekannten<\/p>\n<\/li>\n<li data-start=\"5229\" data-end=\"5262\">\n<p data-start=\"5231\" data-end=\"5262\"><strong data-start=\"5231\" data-end=\"5245\">Wirkdauer:<\/strong> Mehrere Wochen<\/p>\n<\/li>\n<li data-start=\"5263\" data-end=\"5311\">\n<p data-start=\"5265\" data-end=\"5311\"><strong data-start=\"5265\" data-end=\"5280\">Sicherheit:<\/strong> Arzt fragen bei Erkrankungen<\/p>\n<\/li>\n<li data-start=\"5312\" data-end=\"5348\">\n<p data-start=\"5314\" data-end=\"5348\"><strong data-start=\"5314\" data-end=\"5327\">Einnahme:<\/strong> Vor den Mahlzeiten<\/p>\n<\/li>\n<\/ul>\n<p><a href=\"https:\/\/dr-sabine-volland.de\/praxis\/go\/Figoxal\"><em><strong>\ud83d\udc49 RABATTE &#8211; 75 % + kostenloser Versand f\u00fcr\u00a0Figoxal \u2013 Begrenzte Zeit \u2013 JETZT KAUFEN! \ud83d\udc48<\/strong><\/em><\/a><\/p>\n","protected":false},"excerpt":{"rendered":"<p>Figoxal Erfahrungen Figoxal Kapseln wurden entwickelt, um beim Abnehmen zu helfen. Sie bestehen aus nat\u00fcrlichen Inhaltsstoffen. Diese k\u00f6nnen den Stoffwechsel f\u00f6rdern und das S\u00e4ttigungsgef\u00fchl verbessern. Das Produkt richtet sich an Menschen, die ihr Gewicht langsam und nat\u00fcrlich reduzieren m\u00f6chten. Figoxal ersetzt keine Di\u00e4t, kann diese aber unterst\u00fctzen. \ud83d\udc49 RABATTE &#8211; 75 % + kostenloser Versand &#8230; <a title=\"Figoxal\" class=\"read-more\" href=\"https:\/\/dr-sabine-volland.de\/praxis\/product\/figoxal\/\" aria-label=\"Mehr Informationen \u00fcber Figoxal\">Weiterlesen<\/a><\/p>\n","protected":false},"featured_media":132,"comment_status":"open","ping_status":"closed","template":"","meta":[],"product_brand":[],"product_cat":[16],"product_tag":[],"class_list":{"0":"post-131","1":"product","2":"type-product","3":"status-publish","4":"has-post-thumbnail","6":"product_cat-gewichtsverlust","8":"first","9":"instock","10":"sale","11":"shipping-taxable","12":"product-type-external"},"_links":{"self":[{"href":"https:\/\/dr-sabine-volland.de\/praxis\/wp-json\/wp\/v2\/product\/131","targetHints":{"allow":["GET"]}}],"collection":[{"href":"https:\/\/dr-sabine-volland.de\/praxis\/wp-json\/wp\/v2\/product"}],"about":[{"href":"https:\/\/dr-sabine-volland.de\/praxis\/wp-json\/wp\/v2\/types\/product"}],"replies":[{"embeddable":true,"href":"https:\/\/dr-sabine-volland.de\/praxis\/wp-json\/wp\/v2\/comments?post=131"}],"wp:featuredmedia":[{"embeddable":true,"href":"https:\/\/dr-sabine-volland.de\/praxis\/wp-json\/wp\/v2\/media\/132"}],"wp:attachment":[{"href":"https:\/\/dr-sabine-volland.de\/praxis\/wp-json\/wp\/v2\/media?parent=131"}],"wp:term":[{"taxonomy":"product_brand","embeddable":true,"href":"https:\/\/dr-sabine-volland.de\/praxis\/wp-json\/wp\/v2\/product_brand?post=131"},{"taxonomy":"product_cat","embeddable":true,"href":"https:\/\/dr-sabine-volland.de\/praxis\/wp-json\/wp\/v2\/product_cat?post=131"},{"taxonomy":"product_tag","embeddable":true,"href":"https:\/\/dr-sabine-volland.de\/praxis\/wp-json\/wp\/v2\/product_tag?post=131"}],"curies":[{"name":"wp","href":"https:\/\/api.w.org\/{rel}","templated":true}]}}